{"id":521,"date":"2020-10-22T10:13:23","date_gmt":"2020-10-22T10:13:23","guid":{"rendered":"http:\/\/zqacump.cluster030.hosting.ovh.net\/index.php\/contact\/"},"modified":"2024-10-10T09:59:52","modified_gmt":"2024-10-10T07:59:52","slug":"contact","status":"publish","type":"page","link":"https:\/\/lmj-stockage.com\/index.php\/contact\/","title":{"rendered":"Contact"},"content":{"rendered":"\n<div class=\"wp-block-cover alignfull\" style=\"min-height:1532px;aspect-ratio:unset;\"><span aria-hidden=\"true\" class=\"wp-block-cover__background has-background-dim-0 has-background-dim\"><\/span><img decoding=\"async\" class=\"wp-block-cover__image-background wp-image-29\" alt=\"\" src=\"https:\/\/lmj-stockage.com\/wp-content\/uploads\/2020\/10\/online-programming-course-hero-section-bg.svg\" style=\"object-position:100% 100%\" data-object-fit=\"cover\" data-object-position=\"100% 100%\"\/><div class=\"wp-block-cover__inner-container is-layout-flow wp-block-cover-is-layout-flow\">\n<div class=\"wp-block-columns are-vertically-aligned-center has-ast-global-color-5-background-color has-background is-layout-flex wp-container-core-columns-is-layout-28f84493 wp-block-columns-is-layout-flex\">\n<div class=\"wp-block-column is-vertically-aligned-center is-layout-flow wp-block-column-is-layout-flow\">\n<div class=\"inherit-container-width wp-block-group has-black-color has-text-color is-layout-constrained wp-block-group-is-layout-constrained\"><div class=\"wp-block-group__inner-container\">\n<h1 class=\"wp-block-heading\">Contact <strong>LMJ<\/strong><\/h1>\n\n\n\n<p style=\"font-size:25px\"><strong>Adresse<\/strong>:<br>4 rue de l&rsquo;Europe, 31150&nbsp;Lespinasse<\/p>\n\n\n\n<p style=\"font-size:25px\"><strong>Mobile :<\/strong><br><a href=\"tel:06 74 56 78 78\">06 74 56 78 78<\/a><\/p>\n<\/div><\/div>\n<\/div>\n\n\n\n<div class=\"wp-block-column is-vertically-aligned-center is-layout-flow wp-block-column-is-layout-flow\">\n<div class=\"inherit-container-width wp-block-group has-black-color has-text-color is-layout-constrained wp-block-group-is-layout-constrained\"><div class=\"wp-block-group__inner-container\">\n<div class=\"wp-block-columns is-layout-flex wp-container-core-columns-is-layout-28f84493 wp-block-columns-is-layout-flex\">\n<div class=\"wp-block-column is-layout-flow wp-block-column-is-layout-flow\">\t\t<div id=\"wpmapblock_4c884622\" data-settings='{&quot;map_marker&quot;:[{&quot;lat&quot;:&quot;43.72396152842582&quot;,&quot;lng&quot;:&quot;1.3882847015688125&quot;,&quot;title&quot;:&quot;LMJ Stockage&quot;,&quot;content&quot;:&quot;4 rue de l&amp;#039;Europe, 31150\\u00a0Lespinasse &quot;,&quot;iconType&quot;:&quot;custom&quot;,&quot;customIconUrl&quot;:&quot;https:\\\/\\\/lmj-stockage.com\\\/wp-content\\\/uploads\\\/2023\\\/09\\\/Design-sans-titre-34.png&quot;,&quot;customIconWidth&quot;:&quot;60&quot;,&quot;customIconHeight&quot;:&quot;60&quot;}],&quot;map_zoom&quot;:&quot;11&quot;,&quot;scroll_wheel_zoom&quot;:&quot;1&quot;,&quot;map_type&quot;:&quot;GM&quot;,&quot;center_index&quot;:0}' class=\"wpmapblockrender\" style=\"\n\t\t\twidth: 100%;\n\t\t\theight: 476px;\n\t\t\"><\/div>\n        <\/div>\n<\/div>\n<\/div><\/div>\n<\/div>\n<\/div>\n\n\n\n<div class=\"wp-block-columns are-vertically-aligned-center has-ast-global-color-5-background-color has-background is-layout-flex wp-container-core-columns-is-layout-28f84493 wp-block-columns-is-layout-flex\">\n<div class=\"wp-block-column is-vertically-aligned-center is-layout-flow wp-block-column-is-layout-flow\">\n<div class=\"inherit-container-width wp-block-group has-black-color has-text-color is-layout-constrained wp-block-group-is-layout-constrained\"><div class=\"wp-block-group__inner-container\"><div class=\"wpforms-container \" id=\"wpforms-5\"><form id=\"wpforms-form-5\" class=\"wpforms-validate wpforms-form\" data-formid=\"5\" method=\"post\" enctype=\"multipart\/form-data\" action=\"\/index.php\/wp-json\/wp\/v2\/pages\/521\" data-token=\"7263b4bc44d250c39a823e1a36465533\"><noscript class=\"wpforms-error-noscript\">Veuillez activer JavaScript dans votre navigateur pour remplir ce formulaire.<\/noscript><div class=\"wpforms-field-container\"><div id=\"wpforms-5-field_0-container\" class=\"wpforms-field wpforms-field-name\" data-field-id=\"0\"><label class=\"wpforms-field-label\" for=\"wpforms-5-field_0\">Pr\u00e9nom et Nom <span class=\"wpforms-required-label\">*<\/span><\/label><input type=\"text\" id=\"wpforms-5-field_0\" class=\"wpforms-field-large wpforms-field-required\" name=\"wpforms[fields][0]\" required><\/div><div id=\"wpforms-5-field_1-container\" class=\"wpforms-field wpforms-field-email\" data-field-id=\"1\"><label class=\"wpforms-field-label\" for=\"wpforms-5-field_1\">Email <span class=\"wpforms-required-label\">*<\/span><\/label><input type=\"email\" id=\"wpforms-5-field_1\" class=\"wpforms-field-large wpforms-field-required\" name=\"wpforms[fields][1]\" required><\/div><div id=\"wpforms-5-field_8-container\" class=\"wpforms-field wpforms-field-text\" data-field-id=\"8\"><label class=\"wpforms-field-label\" for=\"wpforms-5-field_8\">T\u00e9l\u00e9phone <span class=\"wpforms-required-label\">*<\/span><\/label><input type=\"text\" id=\"wpforms-5-field_8\" class=\"wpforms-field-medium wpforms-field-required\" name=\"wpforms[fields][8]\" required><\/div><div id=\"wpforms-5-field_2-container\" class=\"wpforms-field wpforms-field-textarea\" data-field-id=\"2\"><label class=\"wpforms-field-label\" for=\"wpforms-5-field_2\">Message <span class=\"wpforms-required-label\">*<\/span><\/label><textarea id=\"wpforms-5-field_2\" class=\"wpforms-field-medium wpforms-field-required\" name=\"wpforms[fields][2]\" required><\/textarea><\/div><\/div><input type=\"hidden\" name=\"wpforms[recaptcha]\" value=\"\"><div class=\"wpforms-submit-container\"><input type=\"hidden\" name=\"wpforms[id]\" value=\"5\"><input type=\"hidden\" name=\"wpforms[author]\" value=\"1\"><button type=\"submit\" name=\"wpforms[submit]\" id=\"wpforms-submit-5\" class=\"wpforms-submit\" data-alt-text=\"Envoi en cours .... \" data-submit-text=\"Envoi\" aria-live=\"assertive\" value=\"wpforms-submit\">Envoi<\/button><\/div><\/form><\/div>  <!-- .wpforms-container --><\/div><\/div>\n<\/div>\n<\/div>\n<\/div><\/div>\n","protected":false},"excerpt":{"rendered":"","protected":false},"author":1,"featured_media":1079,"parent":0,"menu_order":0,"comment_status":"closed","ping_status":"closed","template":"","meta":{"site-sidebar-layout":"no-sidebar","site-content-layout":"plain-container","ast-global-header-display":"","ast-main-header-display":"","ast-hfb-above-header-display":"","ast-hfb-below-header-display":"","ast-hfb-mobile-header-display":"","site-post-title":"disabled","ast-breadcrumbs-content":"","ast-featured-img":"disabled","footer-sml-layout":"","theme-transparent-header-meta":"enabled","adv-header-id-meta":"","stick-header-meta":"","header-above-stick-meta":"","header-main-stick-meta":"","header-below-stick-meta":"","footnotes":""},"class_list":["post-521","page","type-page","status-publish","has-post-thumbnail","hentry"],"yoast_head":"<!-- This site is optimized with the Yoast SEO plugin v20.10 - https:\/\/yoast.com\/wordpress\/plugins\/seo\/ -->\n<title>LMJ - Box \u00e0 louer \u00e0 Lespinasse (31)<\/title>\n<meta name=\"description\" content=\"Location de box de stockage s\u00e9curis\u00e9s aux\u00a0particuliers\u00a0et professionnels. Garde-meubles \u00e0 Lespinasse, au Nord de Toulouse, accessible 24h\/24 - 7j\/7.\" \/>\n<meta name=\"robots\" content=\"index, follow, max-snippet:-1, max-image-preview:large, max-video-preview:-1\" \/>\n<link rel=\"canonical\" href=\"https:\/\/lmj-stockage.com\/index.php\/contact\/\" \/>\n<meta property=\"og:locale\" content=\"fr_FR\" \/>\n<meta property=\"og:type\" content=\"article\" \/>\n<meta property=\"og:title\" content=\"LMJ - Box \u00e0 louer \u00e0 Lespinasse (31)\" \/>\n<meta property=\"og:description\" content=\"Location de box de stockage s\u00e9curis\u00e9s aux\u00a0particuliers\u00a0et professionnels. Garde-meubles \u00e0 Lespinasse, au Nord de Toulouse, accessible 24h\/24 - 7j\/7.\" \/>\n<meta property=\"og:url\" content=\"https:\/\/lmj-stockage.com\/index.php\/contact\/\" \/>\n<meta property=\"og:site_name\" content=\"LMJ Stockage\" \/>\n<meta property=\"article:modified_time\" content=\"2024-10-10T07:59:52+00:00\" \/>\n<meta property=\"og:image\" content=\"https:\/\/lmj-stockage.com\/wp-content\/uploads\/2023\/09\/1-1024x768.png\" \/>\n\t<meta property=\"og:image:width\" content=\"1024\" \/>\n\t<meta property=\"og:image:height\" content=\"768\" \/>\n\t<meta property=\"og:image:type\" content=\"image\/png\" \/>\n<meta name=\"twitter:card\" content=\"summary_large_image\" \/>\n<meta name=\"twitter:label1\" content=\"Dur\u00e9e de lecture estim\u00e9e\" \/>\n\t<meta name=\"twitter:data1\" content=\"1 minute\" \/>\n<script type=\"application\/ld+json\" class=\"yoast-schema-graph\">{\"@context\":\"https:\/\/schema.org\",\"@graph\":[{\"@type\":\"WebPage\",\"@id\":\"https:\/\/lmj-stockage.com\/index.php\/contact\/\",\"url\":\"https:\/\/lmj-stockage.com\/index.php\/contact\/\",\"name\":\"LMJ - Box \u00e0 louer \u00e0 Lespinasse (31)\",\"isPartOf\":{\"@id\":\"https:\/\/lmj-stockage.com\/#website\"},\"datePublished\":\"2020-10-22T10:13:23+00:00\",\"dateModified\":\"2024-10-10T07:59:52+00:00\",\"description\":\"Location de box de stockage s\u00e9curis\u00e9s aux\u00a0particuliers\u00a0et professionnels. Garde-meubles \u00e0 Lespinasse, au Nord de Toulouse, accessible 24h\/24 - 7j\/7.\",\"breadcrumb\":{\"@id\":\"https:\/\/lmj-stockage.com\/index.php\/contact\/#breadcrumb\"},\"inLanguage\":\"fr-FR\",\"potentialAction\":[{\"@type\":\"ReadAction\",\"target\":[\"https:\/\/lmj-stockage.com\/index.php\/contact\/\"]}]},{\"@type\":\"BreadcrumbList\",\"@id\":\"https:\/\/lmj-stockage.com\/index.php\/contact\/#breadcrumb\",\"itemListElement\":[{\"@type\":\"ListItem\",\"position\":1,\"name\":\"Accueil\",\"item\":\"https:\/\/lmj-stockage.com\/\"},{\"@type\":\"ListItem\",\"position\":2,\"name\":\"Contact\"}]},{\"@type\":\"WebSite\",\"@id\":\"https:\/\/lmj-stockage.com\/#website\",\"url\":\"https:\/\/lmj-stockage.com\/\",\"name\":\"LMJ-Stockage\",\"description\":\"Location de box \u00e0 Lespinasse\",\"publisher\":{\"@id\":\"https:\/\/lmj-stockage.com\/#organization\"},\"alternateName\":\"location box\",\"potentialAction\":[{\"@type\":\"SearchAction\",\"target\":{\"@type\":\"EntryPoint\",\"urlTemplate\":\"https:\/\/lmj-stockage.com\/?s={search_term_string}\"},\"query-input\":\"required name=search_term_string\"}],\"inLanguage\":\"fr-FR\"},{\"@type\":\"Organization\",\"@id\":\"https:\/\/lmj-stockage.com\/#organization\",\"name\":\"LMJ\",\"alternateName\":\"location box 31\",\"url\":\"https:\/\/lmj-stockage.com\/\",\"logo\":{\"@type\":\"ImageObject\",\"inLanguage\":\"fr-FR\",\"@id\":\"https:\/\/lmj-stockage.com\/#\/schema\/logo\/image\/\",\"url\":\"https:\/\/lmj-stockage.com\/wp-content\/uploads\/2022\/09\/cropped-sssss-removebg-preview.png\",\"contentUrl\":\"https:\/\/lmj-stockage.com\/wp-content\/uploads\/2022\/09\/cropped-sssss-removebg-preview.png\",\"width\":716,\"height\":276,\"caption\":\"LMJ\"},\"image\":{\"@id\":\"https:\/\/lmj-stockage.com\/#\/schema\/logo\/image\/\"}}]}<\/script>\n<!-- \/ Yoast SEO plugin. -->","yoast_head_json":{"title":"LMJ - Box \u00e0 louer \u00e0 Lespinasse (31)","description":"Location de box de stockage s\u00e9curis\u00e9s aux\u00a0particuliers\u00a0et professionnels. Garde-meubles \u00e0 Lespinasse, au Nord de Toulouse, accessible 24h\/24 - 7j\/7.","robots":{"index":"index","follow":"follow","max-snippet":"max-snippet:-1","max-image-preview":"max-image-preview:large","max-video-preview":"max-video-preview:-1"},"canonical":"https:\/\/lmj-stockage.com\/index.php\/contact\/","og_locale":"fr_FR","og_type":"article","og_title":"LMJ - Box \u00e0 louer \u00e0 Lespinasse (31)","og_description":"Location de box de stockage s\u00e9curis\u00e9s aux\u00a0particuliers\u00a0et professionnels. Garde-meubles \u00e0 Lespinasse, au Nord de Toulouse, accessible 24h\/24 - 7j\/7.","og_url":"https:\/\/lmj-stockage.com\/index.php\/contact\/","og_site_name":"LMJ Stockage","article_modified_time":"2024-10-10T07:59:52+00:00","og_image":[{"width":1024,"height":768,"url":"https:\/\/lmj-stockage.com\/wp-content\/uploads\/2023\/09\/1-1024x768.png","type":"image\/png"}],"twitter_card":"summary_large_image","twitter_misc":{"Dur\u00e9e de lecture estim\u00e9e":"1 minute"},"schema":{"@context":"https:\/\/schema.org","@graph":[{"@type":"WebPage","@id":"https:\/\/lmj-stockage.com\/index.php\/contact\/","url":"https:\/\/lmj-stockage.com\/index.php\/contact\/","name":"LMJ - Box \u00e0 louer \u00e0 Lespinasse (31)","isPartOf":{"@id":"https:\/\/lmj-stockage.com\/#website"},"datePublished":"2020-10-22T10:13:23+00:00","dateModified":"2024-10-10T07:59:52+00:00","description":"Location de box de stockage s\u00e9curis\u00e9s aux\u00a0particuliers\u00a0et professionnels. Garde-meubles \u00e0 Lespinasse, au Nord de Toulouse, accessible 24h\/24 - 7j\/7.","breadcrumb":{"@id":"https:\/\/lmj-stockage.com\/index.php\/contact\/#breadcrumb"},"inLanguage":"fr-FR","potentialAction":[{"@type":"ReadAction","target":["https:\/\/lmj-stockage.com\/index.php\/contact\/"]}]},{"@type":"BreadcrumbList","@id":"https:\/\/lmj-stockage.com\/index.php\/contact\/#breadcrumb","itemListElement":[{"@type":"ListItem","position":1,"name":"Accueil","item":"https:\/\/lmj-stockage.com\/"},{"@type":"ListItem","position":2,"name":"Contact"}]},{"@type":"WebSite","@id":"https:\/\/lmj-stockage.com\/#website","url":"https:\/\/lmj-stockage.com\/","name":"LMJ-Stockage","description":"Location de box \u00e0 Lespinasse","publisher":{"@id":"https:\/\/lmj-stockage.com\/#organization"},"alternateName":"location box","potentialAction":[{"@type":"SearchAction","target":{"@type":"EntryPoint","urlTemplate":"https:\/\/lmj-stockage.com\/?s={search_term_string}"},"query-input":"required name=search_term_string"}],"inLanguage":"fr-FR"},{"@type":"Organization","@id":"https:\/\/lmj-stockage.com\/#organization","name":"LMJ","alternateName":"location box 31","url":"https:\/\/lmj-stockage.com\/","logo":{"@type":"ImageObject","inLanguage":"fr-FR","@id":"https:\/\/lmj-stockage.com\/#\/schema\/logo\/image\/","url":"https:\/\/lmj-stockage.com\/wp-content\/uploads\/2022\/09\/cropped-sssss-removebg-preview.png","contentUrl":"https:\/\/lmj-stockage.com\/wp-content\/uploads\/2022\/09\/cropped-sssss-removebg-preview.png","width":716,"height":276,"caption":"LMJ"},"image":{"@id":"https:\/\/lmj-stockage.com\/#\/schema\/logo\/image\/"}}]}},"_links":{"self":[{"href":"https:\/\/lmj-stockage.com\/index.php\/wp-json\/wp\/v2\/pages\/521","targetHints":{"allow":["GET"]}}],"collection":[{"href":"https:\/\/lmj-stockage.com\/index.php\/wp-json\/wp\/v2\/pages"}],"about":[{"href":"https:\/\/lmj-stockage.com\/index.php\/wp-json\/wp\/v2\/types\/page"}],"author":[{"embeddable":true,"href":"https:\/\/lmj-stockage.com\/index.php\/wp-json\/wp\/v2\/users\/1"}],"replies":[{"embeddable":true,"href":"https:\/\/lmj-stockage.com\/index.php\/wp-json\/wp\/v2\/comments?post=521"}],"version-history":[{"count":41,"href":"https:\/\/lmj-stockage.com\/index.php\/wp-json\/wp\/v2\/pages\/521\/revisions"}],"predecessor-version":[{"id":1107,"href":"https:\/\/lmj-stockage.com\/index.php\/wp-json\/wp\/v2\/pages\/521\/revisions\/1107"}],"wp:featuredmedia":[{"embeddable":true,"href":"https:\/\/lmj-stockage.com\/index.php\/wp-json\/wp\/v2\/media\/1079"}],"wp:attachment":[{"href":"https:\/\/lmj-stockage.com\/index.php\/wp-json\/wp\/v2\/media?parent=521"}],"curies":[{"name":"wp","href":"https:\/\/api.w.org\/{rel}","templated":true}]}}