{"id":519,"date":"2020-10-22T10:13:05","date_gmt":"2020-10-22T10:13:05","guid":{"rendered":"http:\/\/zqacump.cluster030.hosting.ovh.net\/index.php\/all-courses\/"},"modified":"2023-09-29T09:10:08","modified_gmt":"2023-09-29T07:10:08","slug":"all-courses","status":"publish","type":"page","link":"https:\/\/lmj-stockage.com\/index.php\/all-courses\/","title":{"rendered":"Stockage"},"content":{"rendered":"\n<div class=\"wp-block-cover alignfull\" style=\"min-height:764px;aspect-ratio:unset;\"><span aria-hidden=\"true\" class=\"wp-block-cover__background has-background-dim-0 has-background-dim\"><\/span><img decoding=\"async\" class=\"wp-block-cover__image-background wp-image-29\" alt=\"\" src=\"https:\/\/lmj-stockage.com\/wp-content\/uploads\/2020\/10\/online-programming-course-hero-section-bg.svg\" style=\"object-position:100% 100%\" data-object-fit=\"cover\" data-object-position=\"100% 100%\"\/><div class=\"wp-block-cover__inner-container is-layout-flow wp-block-cover-is-layout-flow\">\n<div style=\"height:83px\" aria-hidden=\"true\" class=\"wp-block-spacer\"><\/div>\n\n\n\n<h1 class=\"wp-block-heading has-text-align-center has-white-color has-text-color\">Stockage <\/h1>\n\n\n\n<p class=\"has-text-align-center has-white-color has-text-color\"><strong>LMJ<\/strong><em> met \u00e0 votre disposition des box d\u2019environ <strong>23 m\u00b2<\/strong>, soit presque <strong>100 m<\/strong><\/em><strong><em>\u00b3<\/em> <\/strong><em>de stockage.<\/em> <\/p>\n\n\n\n<div style=\"height:4px\" aria-hidden=\"true\" class=\"wp-block-spacer\"><\/div>\n\n\n\n<div class=\"wp-block-columns is-layout-flex wp-container-core-columns-is-layout-28f84493 wp-block-columns-is-layout-flex\">\n<div class=\"wp-block-column is-layout-flow wp-block-column-is-layout-flow\">\n<h2 class=\"wp-block-heading has-text-align-center has-ast-global-color-5-color has-text-color\">Taille des box<\/h2>\n\n\n\n<div class=\"wp-block-columns is-layout-flex wp-container-core-columns-is-layout-28f84493 wp-block-columns-is-layout-flex\">\n<div class=\"wp-block-column is-layout-flow wp-block-column-is-layout-flow\">\n<p class=\"has-text-align-center has-ast-global-color-5-color has-text-color\">Largeur du passage&nbsp;:<strong>&nbsp;3 m 12<\/strong><\/p>\n\n\n\n<p class=\"has-text-align-center has-ast-global-color-5-color has-text-color\">Longueur&nbsp;:<strong>&nbsp;7 m 40<\/strong><\/p>\n<\/div>\n<\/div>\n\n\n\n<p class=\"has-text-align-center has-ast-global-color-5-color has-text-color\"><\/p>\n\n\n\n<p><\/p>\n\n\n\n<figure class=\"wp-block-image size-large\"><img loading=\"lazy\" decoding=\"async\" width=\"1024\" height=\"768\" src=\"https:\/\/lmj-stockage.com\/wp-content\/uploads\/2023\/09\/1-1-1024x768.png\" alt=\"\" class=\"wp-image-1087\" srcset=\"https:\/\/lmj-stockage.com\/wp-content\/uploads\/2023\/09\/1-1-1024x768.png 1024w, https:\/\/lmj-stockage.com\/wp-content\/uploads\/2023\/09\/1-1-300x225.png 300w, https:\/\/lmj-stockage.com\/wp-content\/uploads\/2023\/09\/1-1-768x576.png 768w, https:\/\/lmj-stockage.com\/wp-content\/uploads\/2023\/09\/1-1-1536x1152.png 1536w, https:\/\/lmj-stockage.com\/wp-content\/uploads\/2023\/09\/1-1.png 2016w\" sizes=\"auto, (max-width: 1024px) 100vw, 1024px\" \/><\/figure>\n<\/div>\n\n\n\n<div class=\"wp-block-column is-layout-flow wp-block-column-is-layout-flow\">\n<figure class=\"wp-block-image size-large\"><img loading=\"lazy\" decoding=\"async\" width=\"1024\" height=\"768\" src=\"https:\/\/lmj-stockage.com\/wp-content\/uploads\/2023\/09\/2-1-1024x768.png\" alt=\"\" class=\"wp-image-1088\" srcset=\"https:\/\/lmj-stockage.com\/wp-content\/uploads\/2023\/09\/2-1-1024x768.png 1024w, https:\/\/lmj-stockage.com\/wp-content\/uploads\/2023\/09\/2-1-300x225.png 300w, https:\/\/lmj-stockage.com\/wp-content\/uploads\/2023\/09\/2-1-768x576.png 768w, https:\/\/lmj-stockage.com\/wp-content\/uploads\/2023\/09\/2-1-1536x1152.png 1536w, https:\/\/lmj-stockage.com\/wp-content\/uploads\/2023\/09\/2-1.png 2016w\" sizes=\"auto, (max-width: 1024px) 100vw, 1024px\" \/><\/figure>\n\n\n\n<h2 class=\"wp-block-heading has-text-align-center has-ast-global-color-5-color has-text-color\">Accessibilit\u00e9 <\/h2>\n\n\n\n<div class=\"wp-block-columns is-layout-flex wp-container-core-columns-is-layout-28f84493 wp-block-columns-is-layout-flex\">\n<div class=\"wp-block-column is-layout-flow wp-block-column-is-layout-flow\">\n<p class=\"has-text-align-center has-ast-global-color-5-color has-text-color\">Box en <strong>rez-de-chauss\u00e9e. <\/strong><\/p>\n\n\n\n<p class=\"has-text-align-center has-ast-global-color-5-color has-text-color\">Acc\u00e8s libre &nbsp;<strong>7j\/7<\/strong>&nbsp;et<strong>&nbsp;24h\/24<\/strong>.<\/p>\n<\/div>\n<\/div>\n\n\n\n<p class=\"has-text-align-center has-ast-global-color-5-color has-text-color\"><\/p>\n\n\n\n<p><\/p>\n<\/div>\n\n\n\n<div class=\"wp-block-column is-layout-flow wp-block-column-is-layout-flow\">\n<h2 class=\"wp-block-heading has-text-align-center has-ast-global-color-5-color has-text-color\">S\u00e9curit\u00e9<\/h2>\n\n\n\n<p class=\"has-text-align-center has-ast-global-color-5-color has-text-color\">Box ferm\u00e9s avec des rideaux m\u00e9talliques \u00e9lectriques et prot\u00e9g\u00e9 par  <strong>alarme<\/strong> et <strong>sous surveillance vid\u00e9o<\/strong> .<br>Site ferm\u00e9 avec ouverture pilot\u00e9e du portail par code ou t\u00e9l\u00e9commande.<\/p>\n\n\n\n<p><\/p>\n\n\n\n<figure class=\"wp-block-image size-large\"><img loading=\"lazy\" decoding=\"async\" width=\"1024\" height=\"768\" src=\"https:\/\/lmj-stockage.com\/wp-content\/uploads\/2023\/09\/3-1-1024x768.png\" alt=\"\" class=\"wp-image-1089\" srcset=\"https:\/\/lmj-stockage.com\/wp-content\/uploads\/2023\/09\/3-1-1024x768.png 1024w, https:\/\/lmj-stockage.com\/wp-content\/uploads\/2023\/09\/3-1-300x225.png 300w, https:\/\/lmj-stockage.com\/wp-content\/uploads\/2023\/09\/3-1-768x576.png 768w, https:\/\/lmj-stockage.com\/wp-content\/uploads\/2023\/09\/3-1-1536x1152.png 1536w, https:\/\/lmj-stockage.com\/wp-content\/uploads\/2023\/09\/3-1.png 2016w\" sizes=\"auto, (max-width: 1024px) 100vw, 1024px\" \/><\/figure>\n<\/div>\n<\/div>\n\n\n\n<div style=\"height:26px\" aria-hidden=\"true\" class=\"wp-block-spacer\"><\/div>\n<\/div><\/div>\n\n\n\n<p><\/p>\n","protected":false},"excerpt":{"rendered":"","protected":false},"author":2,"featured_media":1079,"parent":0,"menu_order":0,"comment_status":"closed","ping_status":"closed","template":"","meta":{"site-sidebar-layout":"no-sidebar","site-content-layout":"plain-container","ast-global-header-display":"","ast-main-header-display":"","ast-hfb-above-header-display":"","ast-hfb-below-header-display":"","ast-hfb-mobile-header-display":"","site-post-title":"disabled","ast-breadcrumbs-content":"","ast-featured-img":"disabled","footer-sml-layout":"","theme-transparent-header-meta":"enabled","adv-header-id-meta":"","stick-header-meta":"","header-above-stick-meta":"","header-main-stick-meta":"","header-below-stick-meta":"","footnotes":""},"class_list":["post-519","page","type-page","status-publish","has-post-thumbnail","hentry"],"yoast_head":"<!-- This site is optimized with the Yoast SEO plugin v20.10 - https:\/\/yoast.com\/wordpress\/plugins\/seo\/ -->\n<title>LMJ - Box \u00e0 louer \u00e0 Lespinasse (31)<\/title>\n<meta name=\"description\" content=\"Location de box de stockage s\u00e9curis\u00e9s aux\u00a0particuliers\u00a0et professionnels. Garde-meubles \u00e0 Lespinasse, au Nord de Toulouse, accessible 24h\/24 - 7j\/7.\" \/>\n<meta name=\"robots\" content=\"index, follow, max-snippet:-1, max-image-preview:large, max-video-preview:-1\" \/>\n<link rel=\"canonical\" href=\"https:\/\/lmj-stockage.com\/index.php\/all-courses\/\" \/>\n<meta property=\"og:locale\" content=\"fr_FR\" \/>\n<meta property=\"og:type\" content=\"article\" \/>\n<meta property=\"og:title\" content=\"LMJ - Box \u00e0 louer \u00e0 Lespinasse (31)\" \/>\n<meta property=\"og:description\" content=\"Location de box de stockage s\u00e9curis\u00e9s aux\u00a0particuliers\u00a0et professionnels. Garde-meubles \u00e0 Lespinasse, au Nord de Toulouse, accessible 24h\/24 - 7j\/7.\" \/>\n<meta property=\"og:url\" content=\"https:\/\/lmj-stockage.com\/index.php\/all-courses\/\" \/>\n<meta property=\"og:site_name\" content=\"LMJ Stockage\" \/>\n<meta property=\"article:modified_time\" content=\"2023-09-29T07:10:08+00:00\" \/>\n<meta property=\"og:image\" content=\"https:\/\/lmj-stockage.com\/wp-content\/uploads\/2023\/09\/1-1024x768.png\" \/>\n\t<meta property=\"og:image:width\" content=\"1024\" \/>\n\t<meta property=\"og:image:height\" content=\"768\" \/>\n\t<meta property=\"og:image:type\" content=\"image\/png\" \/>\n<meta name=\"twitter:card\" content=\"summary_large_image\" \/>\n<meta name=\"twitter:label1\" content=\"Dur\u00e9e de lecture estim\u00e9e\" \/>\n\t<meta name=\"twitter:data1\" content=\"2 minutes\" \/>\n<script type=\"application\/ld+json\" class=\"yoast-schema-graph\">{\"@context\":\"https:\/\/schema.org\",\"@graph\":[{\"@type\":\"WebPage\",\"@id\":\"https:\/\/lmj-stockage.com\/index.php\/all-courses\/\",\"url\":\"https:\/\/lmj-stockage.com\/index.php\/all-courses\/\",\"name\":\"LMJ - Box \u00e0 louer \u00e0 Lespinasse (31)\",\"isPartOf\":{\"@id\":\"https:\/\/lmj-stockage.com\/#website\"},\"datePublished\":\"2020-10-22T10:13:05+00:00\",\"dateModified\":\"2023-09-29T07:10:08+00:00\",\"description\":\"Location de box de stockage s\u00e9curis\u00e9s aux\u00a0particuliers\u00a0et professionnels. Garde-meubles \u00e0 Lespinasse, au Nord de Toulouse, accessible 24h\/24 - 7j\/7.\",\"breadcrumb\":{\"@id\":\"https:\/\/lmj-stockage.com\/index.php\/all-courses\/#breadcrumb\"},\"inLanguage\":\"fr-FR\",\"potentialAction\":[{\"@type\":\"ReadAction\",\"target\":[\"https:\/\/lmj-stockage.com\/index.php\/all-courses\/\"]}]},{\"@type\":\"BreadcrumbList\",\"@id\":\"https:\/\/lmj-stockage.com\/index.php\/all-courses\/#breadcrumb\",\"itemListElement\":[{\"@type\":\"ListItem\",\"position\":1,\"name\":\"Accueil\",\"item\":\"https:\/\/lmj-stockage.com\/\"},{\"@type\":\"ListItem\",\"position\":2,\"name\":\"Stockage\"}]},{\"@type\":\"WebSite\",\"@id\":\"https:\/\/lmj-stockage.com\/#website\",\"url\":\"https:\/\/lmj-stockage.com\/\",\"name\":\"LMJ-Stockage\",\"description\":\"Location de box \u00e0 Lespinasse\",\"publisher\":{\"@id\":\"https:\/\/lmj-stockage.com\/#organization\"},\"alternateName\":\"location box\",\"potentialAction\":[{\"@type\":\"SearchAction\",\"target\":{\"@type\":\"EntryPoint\",\"urlTemplate\":\"https:\/\/lmj-stockage.com\/?s={search_term_string}\"},\"query-input\":\"required name=search_term_string\"}],\"inLanguage\":\"fr-FR\"},{\"@type\":\"Organization\",\"@id\":\"https:\/\/lmj-stockage.com\/#organization\",\"name\":\"LMJ\",\"alternateName\":\"location box 31\",\"url\":\"https:\/\/lmj-stockage.com\/\",\"logo\":{\"@type\":\"ImageObject\",\"inLanguage\":\"fr-FR\",\"@id\":\"https:\/\/lmj-stockage.com\/#\/schema\/logo\/image\/\",\"url\":\"https:\/\/lmj-stockage.com\/wp-content\/uploads\/2022\/09\/cropped-sssss-removebg-preview.png\",\"contentUrl\":\"https:\/\/lmj-stockage.com\/wp-content\/uploads\/2022\/09\/cropped-sssss-removebg-preview.png\",\"width\":716,\"height\":276,\"caption\":\"LMJ\"},\"image\":{\"@id\":\"https:\/\/lmj-stockage.com\/#\/schema\/logo\/image\/\"}}]}<\/script>\n<!-- \/ Yoast SEO plugin. -->","yoast_head_json":{"title":"LMJ - Box \u00e0 louer \u00e0 Lespinasse (31)","description":"Location de box de stockage s\u00e9curis\u00e9s aux\u00a0particuliers\u00a0et professionnels. Garde-meubles \u00e0 Lespinasse, au Nord de Toulouse, accessible 24h\/24 - 7j\/7.","robots":{"index":"index","follow":"follow","max-snippet":"max-snippet:-1","max-image-preview":"max-image-preview:large","max-video-preview":"max-video-preview:-1"},"canonical":"https:\/\/lmj-stockage.com\/index.php\/all-courses\/","og_locale":"fr_FR","og_type":"article","og_title":"LMJ - Box \u00e0 louer \u00e0 Lespinasse (31)","og_description":"Location de box de stockage s\u00e9curis\u00e9s aux\u00a0particuliers\u00a0et professionnels. Garde-meubles \u00e0 Lespinasse, au Nord de Toulouse, accessible 24h\/24 - 7j\/7.","og_url":"https:\/\/lmj-stockage.com\/index.php\/all-courses\/","og_site_name":"LMJ Stockage","article_modified_time":"2023-09-29T07:10:08+00:00","og_image":[{"width":1024,"height":768,"url":"https:\/\/lmj-stockage.com\/wp-content\/uploads\/2023\/09\/1-1024x768.png","type":"image\/png"}],"twitter_card":"summary_large_image","twitter_misc":{"Dur\u00e9e de lecture estim\u00e9e":"2 minutes"},"schema":{"@context":"https:\/\/schema.org","@graph":[{"@type":"WebPage","@id":"https:\/\/lmj-stockage.com\/index.php\/all-courses\/","url":"https:\/\/lmj-stockage.com\/index.php\/all-courses\/","name":"LMJ - Box \u00e0 louer \u00e0 Lespinasse (31)","isPartOf":{"@id":"https:\/\/lmj-stockage.com\/#website"},"datePublished":"2020-10-22T10:13:05+00:00","dateModified":"2023-09-29T07:10:08+00:00","description":"Location de box de stockage s\u00e9curis\u00e9s aux\u00a0particuliers\u00a0et professionnels. Garde-meubles \u00e0 Lespinasse, au Nord de Toulouse, accessible 24h\/24 - 7j\/7.","breadcrumb":{"@id":"https:\/\/lmj-stockage.com\/index.php\/all-courses\/#breadcrumb"},"inLanguage":"fr-FR","potentialAction":[{"@type":"ReadAction","target":["https:\/\/lmj-stockage.com\/index.php\/all-courses\/"]}]},{"@type":"BreadcrumbList","@id":"https:\/\/lmj-stockage.com\/index.php\/all-courses\/#breadcrumb","itemListElement":[{"@type":"ListItem","position":1,"name":"Accueil","item":"https:\/\/lmj-stockage.com\/"},{"@type":"ListItem","position":2,"name":"Stockage"}]},{"@type":"WebSite","@id":"https:\/\/lmj-stockage.com\/#website","url":"https:\/\/lmj-stockage.com\/","name":"LMJ-Stockage","description":"Location de box \u00e0 Lespinasse","publisher":{"@id":"https:\/\/lmj-stockage.com\/#organization"},"alternateName":"location box","potentialAction":[{"@type":"SearchAction","target":{"@type":"EntryPoint","urlTemplate":"https:\/\/lmj-stockage.com\/?s={search_term_string}"},"query-input":"required name=search_term_string"}],"inLanguage":"fr-FR"},{"@type":"Organization","@id":"https:\/\/lmj-stockage.com\/#organization","name":"LMJ","alternateName":"location box 31","url":"https:\/\/lmj-stockage.com\/","logo":{"@type":"ImageObject","inLanguage":"fr-FR","@id":"https:\/\/lmj-stockage.com\/#\/schema\/logo\/image\/","url":"https:\/\/lmj-stockage.com\/wp-content\/uploads\/2022\/09\/cropped-sssss-removebg-preview.png","contentUrl":"https:\/\/lmj-stockage.com\/wp-content\/uploads\/2022\/09\/cropped-sssss-removebg-preview.png","width":716,"height":276,"caption":"LMJ"},"image":{"@id":"https:\/\/lmj-stockage.com\/#\/schema\/logo\/image\/"}}]}},"_links":{"self":[{"href":"https:\/\/lmj-stockage.com\/index.php\/wp-json\/wp\/v2\/pages\/519","targetHints":{"allow":["GET"]}}],"collection":[{"href":"https:\/\/lmj-stockage.com\/index.php\/wp-json\/wp\/v2\/pages"}],"about":[{"href":"https:\/\/lmj-stockage.com\/index.php\/wp-json\/wp\/v2\/types\/page"}],"author":[{"embeddable":true,"href":"https:\/\/lmj-stockage.com\/index.php\/wp-json\/wp\/v2\/users\/2"}],"replies":[{"embeddable":true,"href":"https:\/\/lmj-stockage.com\/index.php\/wp-json\/wp\/v2\/comments?post=519"}],"version-history":[{"count":41,"href":"https:\/\/lmj-stockage.com\/index.php\/wp-json\/wp\/v2\/pages\/519\/revisions"}],"predecessor-version":[{"id":1101,"href":"https:\/\/lmj-stockage.com\/index.php\/wp-json\/wp\/v2\/pages\/519\/revisions\/1101"}],"wp:featuredmedia":[{"embeddable":true,"href":"https:\/\/lmj-stockage.com\/index.php\/wp-json\/wp\/v2\/media\/1079"}],"wp:attachment":[{"href":"https:\/\/lmj-stockage.com\/index.php\/wp-json\/wp\/v2\/media?parent=519"}],"curies":[{"name":"wp","href":"https:\/\/api.w.org\/{rel}","templated":true}]}}